t the prime factors of o.
643
Let d(u) = u**2 - 2*u + 5. Let t = -12 + 16. List the prime factors of d(t).
13
List the prime factors of (-165)/(-60)*339 - 6/(-8).
3, 311
What are the prime factors of ((-2489)/(-57))/((-1)/(-3))?
131
Suppose 51*m + 146 = 52*m. What are the prime factors of m?
2, 73
Let p = 14 - 10. Suppose -2*l - 14 = -2*x, p*x + l = -l + 40. Suppose -3*f - x = -6*f. What are the prime factors of f?
3
Let d = -179 - -804. List the prime factors of d.
5
Suppose -56*g - 1352 = -58*g + 2*d, 0 = 4*g - 5*d - 2703. List the prime factors of g.
677
Let u(g) = -g. Let x(f) = 30*f + 7. Let r(h) = -4*u(h) - x(h). List the prime factors of r(-4).
97
Suppose 4*j - 7*j - 126 = 0. Let u be (-6)/(-10) + j/(-30). Suppose 36 = 3*c - 3*b, -u*c + 6*c + 2*b = 54. What are the prime factors of c?
13
Let n = -7 + 7. Let r(m) = m**2 - 3*m + 1. Let y be r(3). List the prime factors of 21*(n + (y - 0)).
3, 7
What are the prime factors of 1/3 + (-35)/((-1785)/269314)?
5281
Let w be (-1)/4 - 6/((-48)/1618). Let z = w - 71. What are the prime factors of z?
131
Let t(l) = -116*l - 92. List the prime factors of t(-4).
2, 3, 31
Let p = -10 + 12. Let v = p - -85. List the prime factors of v.
3, 29
Suppose 3*t + 2202 = 4*t - n, 4*n - 4428 = -2*t. What are the prime factors of t?
2, 1103
Suppose -3 - 50 = 4*u + 3*x, -5*x + 19 = -u. List the prime factors of (-920)/u - 6/(-21).
2, 3, 11
Suppose 3*i = 2*o + 3*o - 21, 3*i = 3*o - 15. What are the prime factors of o + (-6 - 0) + 312/3?
101
Let b(c) be the third derivative of -c**5/60 + 3*c**4/8 + c**3/2 - c**2. Let l(r) = r**3 - 7*r**2 + 11*r + 2. Let q be l(5). What are the prime factors of b(q)?
17
Suppose 45*o - 27*o = 35244. List the prime factors of o.
2, 11, 89
Suppose 0*d - d + 1 = 0. Let l(m) = -d + 5 - 8*m - 2 + 2. What are the prime factors of l(-3)?
2, 7
Let x(f) = -f**2 + 19*f - 16. Let v be x(9). Let a = v + -49. List the prime factors of a.
5
Let j = -126 + 60. Let o(x) = -x**3 - x**2 - x - 4. Let q be o(3). Let f = q - j. List the prime factors of f.
23
Suppose 2*n - 33*i + 28*i - 310 = 0, -5*i = -5*n + 775. What are the prime factors of n?
5, 31
Suppose -1320 = -4*r + 1276. What are the prime factors of r?
11, 59
Let c(t) = t**3 - t - 103. Let o be c(0). Let i = 163 + o. Suppose -l + i = 4*l. What are the prime factors of l?
2, 3
Suppose -3*s - 705 = 3*b - 0*b, 479 = -2*s - 5*b. List the prime factors of 3/7 + s/(-14).
17
Let m be 4080/14 + ((-12)/7)/4. Let j = 476 - m. What are the prime factors of j?
5, 37
Let i(g) = g**3 + 22*g**2 + 44*g + 58. What are the prime factors of i(-18)?
2, 281
Let u = -548 - -785. What are the prime factors of u?
3, 79
Suppose 2*f = 0, -2*j + 7*f + 10 = 2*f. Suppose u + j*k = -0*k + 22, -3*u = -5*k + 14. Let a = u - -2. List the prime factors of a.
2
Let x(k) = 17*k**2 + 5*k - 19. What are the prime factors of x(5)?
431
Let d be 1140/220 + 4/(-22). Suppose w - d = 0, -x - 5*w + 38 = -73. What are the prime factors of x?
2, 43
Let l(j) = -23*j - 142. List the prime factors of l(-17).
3, 83
Let b(s) = -s - 3. Let r be b(-8). Suppose 0 = 5*o - n - 212, -5*n = -r*o - 60 + 260. Let t = -25 + o. What are the prime factors of t?
2, 3
Let y(b) = 957*b**2 + 16*b + 29. What are the prime factors of y(-2)?
3, 5, 17
Let d(i) = 5*i + 20. Let g be d(-3). Suppose -u - g + 67 = 0. List the prime factors of u.
2, 31
Suppose 0 = 6*o - 101 - 115. Let q be 14/(-1)*36/(-8). Let m = q - o. What are the prime factors of m?
3
Let f = 22 - 29. Let d(v) = -v**3 - 8*v**2 - 6*v + 7. Let t be d(f). Suppose 7*b - 9*b + 32 = t. List the prime factors of b.
2
Let o(t) = 3*t**3 - 3*t**2 + t - 5. Suppose 2*g - 3*g = -21. Let w be (g/(-14))/(2/(-4)). What are the prime factors of o(w)?
2, 13
Let b(o) = 7*o**2 + 8*o + 17. What are the prime factors of b(-10)?
7, 13
Let l(w) = 45*w**2 - 33*w + 1. List the prime factors of l(-8).
5, 17, 37
Suppose 4*r - 3020 = 4*x, -27*x + 22*x = -3*r + 2273. What are the prime factors of r?
751
Let g(w) = -38*w**3 + w**2 - 1. Let v = -2 + 1. Let d be g(v). Let r = -9 + d. What are the prime factors of r?
29
Let p(w) = w**3 + 18*w**2 - 37*w - 25. Let q be p(-20). Let u = -65 - q. What are the prime factors of u?
2, 5
Let s(c) = c**2 - 2*c - 9. Let p be s(4). Let h(n) = -39*n**3 + 3*n + 2. What are the prime factors of h(p)?
2, 19
Suppose 9*z - 10 = 4*z. Suppose -z*y - 118 = -4*y. Suppose 3*w - u = y, u + u = 4*w - 76. What are the prime factors of w?
3, 7
Let v(i) = -i**3 - i**2 + i. Let r be v(-2). List the prime factors of (-35)/(-7) + 2*1/r.
2, 3
Let r = 347 + 2180. What are the prime factors of r?
7, 19
List the prime factors of 8/((-24)/(-11457)) - 10.
13, 293
What are the prime factors of -2 + 656 + -1 - (33 + -30)?
2, 5, 13
Let j(r) = -r**3 - 10*r**2 + 4. Let m be j(-10). Let i(z) = 6*z**3 - z**2 - 3*z - 2. Let g be i(m). Suppose g = -k + 7*k. What are the prime factors of k?
59
Let d(t) = -t + 1 + 0 - 4*t**2 + 0*t + 17*t**2. What are the prime factors of d(4)?
5, 41
Let i be 32/(4/(-8) + 1). Suppose b + 32 = -13. Let g = i + b. What are the prime factors of g?
19
Let i(t) = 101*t + 21. List the prime factors of i(4).
5, 17
Let s(w) = -w + 5. Let u be s(5). Let d be (1 + -2)/(1 - u). List the prime factors of d*38*(-2)/4.
19
Let z = -5 - -7. Suppose 0*o - o = -z*c + 31, 3*c = -4*o + 52. Suppose 2*k - 10 = -4*u + 8, -3*u - k = -c. List the prime factors of u.
7
Suppose 542 = -2*c + 2*f + 1602, 0 = 3*c + f - 1602. What are the prime factors of c?
13, 41
Let t = -24 - -42. List the prime factors of 1778/t + ((-87)/(-27) - 3).
3, 11
Let r(i) = i**3 + 19*i**2 + 34*i - 4. Let b be r(-17). List the prime factors of (-39)/(-6) - 5 - 322/b.
2, 41
What are the prime factors of ((12 - 4) + -7)*2670/2?
3, 5, 89
Let g be 2*237*(-3)/(-18). Suppose -5*o + g = p, -3*p + o = p - 358. List the prime factors of p.
89
Suppose -4 = -2*u, g = 4*u - 0*u + 23. Suppose 4*h - 3*f = 12, -3*h - 9 + g = f. What are the prime factors of h?
2, 3
Let j be 4/(-6)*6/(-2). Suppose j*q - 147 = 55. What are the prime factors of q?
101
Let o(c) = c**3 - c**2 - c + 247. Let q be o(0). Suppose 4*a - s - 491 = 0, a + q = 3*a - s. List the prime factors of a.
2, 61
Let a(j) be the second derivative of 0 - 1/2*j**3 + 4*j + 0*j**2 - 3/4*j**4 - 1/20*j**5. What are the prime factors of a(-9)?
3
Suppose 21*r + 1370 = 11*r. Let f = -70 - r. List the prime factors of f.
67
Let r = 27 + -32. What are the prime factors of r*(0 - -2)*-1?
2, 5
Let k = 1 - -2. Let x(m) = m**3 + 6*m**2 + 6. Let y be x(-6). Suppose t + k*q + y = 2, 4*t - q = 49. What are the prime factors of t?
11
Suppose 0 = 5*q + 5*v - 420, -2*v - 86 - 161 = -3*q. List the prime factors of q.
83
Suppose -n = -3*n + 112. Let y be 1585/20 + 1/(-4). Let f = y - n. List the prime factors of f.
23
Let h be (-18 + 14)/(2/3). Let q(g) = -10*g - 39. List the prime factors of q(h).
3, 7
Let u(o) = -42 + 0*o + 0*o - o + 47. List the prime factors of u(2).
3
Suppose -16*d + 12*d = -5*z + 1328, 2*z - 518 = -5*d. What are the prime factors of z?
2, 3, 11
Suppose -52 = v - 3*w, 5*v = 3*v + w - 84. List the prime factors of (-32)/v - 552/(-10).
2, 7
Let v(y) = 5*y + 2. Let m be v(4). Let c(g) = -m*g**2 + 0 + 6 + 21*g**2 + 9*g. List the prime factors of c(7).
2, 5
Let b be (-2)/7 - (-112)/49. Suppose -3*g = b*g - 190. What are the prime factors of ((-21)/14)/((-3)/g)?
19
Let p(q) = 102*q**2 + 34*q - 132. List the prime factors of p(5).
2, 647
Suppose 5*i - 4709 = -1754. What are the prime factors of i?
3, 197
Let c = -30 - -30. List the prime factors of (-1 - 0 - c) + 41.
2, 5
Let g(t) = -t**3 - 5*t**2 + 4. Let r be g(-5). Let l = r - 16. List the prime factors of (-318)/l + 2/(-4).
2, 13
What are the prime factors of ((-2)/6)/((-12)/1944)?
2, 3
Let z(d) = 15*d + 3 + 0*d**3 + d**3 - 5 - 10*d + 7*d**2. What are the prime factors of z(-4)?
2, 13
What are the prime factors of 0 - ((-4 - 1) + (-2294 - 8))?
3, 769
Suppose 6*b - 776 = 3106. What are the prime factors of b?
647
Suppose -k = -4, 4 = 4*h + 2*k - 4. Suppose -2*q + 0 + 12 = 2*l, l - 4 = h. Suppose 3*m = -q + 8. What are the prime factors of m?
2
Let y be 217/77 + (-6)/(-33). Suppose -360 = y*h - 8*h + o, o - 78 = -h. List the prime factors of h.
73
Suppose -2*f + 2*i - 22 = 2*f, -5*f = 2*i + 14. Let h(d) = 